{"id":5945,"date":"2015-08-12T09:57:03","date_gmt":"2015-08-12T09:57:03","guid":{"rendered":"http:\/\/aldeaconsulting.ro\/web\/?page_id=5945"},"modified":"2015-08-27T21:12:58","modified_gmt":"2015-08-27T21:12:58","slug":"cum-pot-ajuta","status":"publish","type":"page","link":"https:\/\/aldeaconsulting.ro\/index.php\/cum-pot-ajuta\/","title":{"rendered":"Cum pot ajuta"},"content":{"rendered":"<p><a href=\"http:\/\/aldeaconsulting.ro\/wp-content\/uploads\/2015\/08\/negotiating.jpg\"><img loading=\"lazy\" class=\"alignleft  wp-image-6126\" src=\"http:\/\/aldeaconsulting.ro\/wp-content\/uploads\/2015\/08\/negotiating-300x200.jpg\" alt=\"\" width=\"266\" height=\"177\" srcset=\"https:\/\/aldeaconsulting.ro\/wp-content\/uploads\/2015\/08\/negotiating-300x200.jpg 300w, https:\/\/aldeaconsulting.ro\/wp-content\/uploads\/2015\/08\/negotiating.jpg 700w\" sizes=\"(max-width: 266px) 100vw, 266px\" \/><\/a>E\u0219ti un profesionist care lucreaz\u0103 \u00een industria de retail \u0219i FMCG? Te afli \u00een prezent \u00eentr-o pozi\u021bie de conducere, iei decizii strategice, conduci o echip\u0103 sau e\u0219ti responsabil de rela\u021bia cu retailerii? E\u0219ti un produc\u0103tor care dore\u0219te s\u0103 \u00ee\u0219i comercializele produsele \u00een retailul modern? E\u0219ti un comerciant care vrea perfec\u021bionarea echipei de achizi\u021bii, implementarea de proiecte de category management sau dezvoltarea unui nou concept de magazin? Sau pur \u0219i simplu ai un moment \u00een care nu mai g\u0103se\u0219ti r\u0103spunsuri \u0219i solu\u021bii ca businessul s\u0103 evolueze \u0219i s\u0103 fie profitabil?<\/p>\n<p>Iat\u0103 cum te pot ajuta: sunt un expert \u00een retail \u0219i am decis s\u0103 \u00eemi folosesc cuno\u0219tiin\u021bele pentru a te ajuta \u00een business, at\u00e2t prin proiecte dedicate pe ariile mele de expertiz\u0103, c\u00e2t \u0219i prin programe de training \u0219i workshopuri pe care le-am preg\u0103tit pentru tine.<\/p>\n<br \/>\n<br \/>\n<br \/>\n<p><strong>Ariile mele de expertiz\u0103<\/strong><\/p>\n<ul>\n<li>Business Strategy<\/li>\n<li>Assortment Management<\/li>\n<li>Category Management<\/li>\n<li>Commercial Policy<\/li>\n<li>Pricing Policy<\/li>\n<li>Trade marketing<\/li>\n<li>Negotiation strategy<\/li>\n<li>Promotional strategy<\/li>\n<li>Forecasting<\/li>\n<li>Sales, Buying &amp; Operational team development programs<\/li>\n<\/ul>\n<p><strong>Training &amp; Workshops<\/strong><\/p>\n<ul>\n<li>Strategic Drivers in Retail Business<\/li>\n<li>Efficient Negotiation in Retail<\/li>\n<li>Leverage Negotiation<\/li>\n<li>Category Management<\/li>\n<li>Merchandising<\/li>\n<li>In store Marketing<\/li>\n<li>Buyer role in retail<\/li>\n<li>Leadership<\/li>\n<li>Customer relationship for Operational Team<\/li>\n<li>7th P in Retail<\/li>\n<\/ul>\n","protected":false},"excerpt":{"rendered":"<p>E\u0219ti un profesionist care lucreaz\u0103 \u00een industria de retail \u0219i FMCG? Te afli \u00een prezent \u00eentr-o pozi\u021bie de conducere, iei decizii strategice, conduci o echip\u0103 sau e\u0219ti responsabil de rela\u021bia cu retailerii? E\u0219ti un produc\u0103tor care dore\u0219te s\u0103 \u00ee\u0219i comercializele produsele \u00een retailul modern? E\u0219ti un comerciant care vrea perfec\u021bionarea echipei de achizi\u021bii, implementarea de&#8230;<\/p>\n","protected":false},"author":1,"featured_media":0,"parent":0,"menu_order":2,"comment_status":"closed","ping_status":"closed","template":"","meta":[],"_links":{"self":[{"href":"https:\/\/aldeaconsulting.ro\/index.php\/wp-json\/wp\/v2\/pages\/5945"}],"collection":[{"href":"https:\/\/aldeaconsulting.ro\/index.php\/wp-json\/wp\/v2\/pages"}],"about":[{"href":"https:\/\/aldeaconsulting.ro\/index.php\/wp-json\/wp\/v2\/types\/page"}],"author":[{"embeddable":true,"href":"https:\/\/aldeaconsulting.ro\/index.php\/wp-json\/wp\/v2\/users\/1"}],"replies":[{"embeddable":true,"href":"https:\/\/aldeaconsulting.ro\/index.php\/wp-json\/wp\/v2\/comments?post=5945"}],"version-history":[{"count":0,"href":"https:\/\/aldeaconsulting.ro\/index.php\/wp-json\/wp\/v2\/pages\/5945\/revisions"}],"wp:attachment":[{"href":"https:\/\/aldeaconsulting.ro\/index.php\/wp-json\/wp\/v2\/media?parent=5945"}],"curies":[{"name":"wp","href":"https:\/\/api.w.org\/{rel}","templated":true}]}}